rue
Is 5591516323 prime?
True
Is 46000133987 composite?
False
Is 3615220237 prime?
False
Is 10477323847 composite?
True
Is 6492025049 a prime number?
True
Is 5825005061 a prime number?
True
Is 902035657 composite?
True
Is 3843178379 a composite number?
False
Is 8782837997 a prime number?
False
Is 1671472933 a composite number?
True
Is 20294545003 a composite number?
False
Is 154010852141 composite?
False
Is 466351091 a composite number?
False
Is 47396269471 composite?
True
Is 1737221683 a composite number?
False
Is 24343008923 prime?
False
Is 4418386813 composite?
True
Is 4788015679 a prime number?
True
Is 6667306351 composite?
True
Is 23257135831 prime?
True
Is 1047974591 composite?
False
Is 9274985639 composite?
True
Is 577066003 prime?
False
Is 917235871 composite?
False
Is 15980114389 a composite number?
False
Is 675489433 prime?
False
Is 349577857 a prime number?
False
Is 2752251877 prime?
False
Is 18075906413 prime?
True
Is 1183617593 a prime number?
False
Is 148815613 a prime number?
True
Is 227370013459 prime?
True
Is 15145557373 prime?
False
Is 2345108903 a prime number?
False
Is 183203297 composite?
False
Is 910518667 prime?
False
Is 2859301443 prime?
False
Is 15730747847 a composite number?
True
Is 8996655277 a composite number?
True
Is 909164461 a prime number?
False
Is 2376768679 a prime number?
True
Is 3482993027 prime?
True
Is 352423476481 composite?
True
Is 130458735695 a prime number?
False
Is 5302152497 a composite number?
True
Is 34740846617 a composite number?
False
Is 278912657 composite?
False
Is 1916529409 composite?
True
Is 200921094091 a composite number?
True
Is 12181569223 a prime number?
True
Is 1299660001 composite?
True
Is 16437493 a prime number?
True
Is 12501342103 composite?
True
Is 19411262051 a prime number?
True
Is 87407724787 prime?
True
Is 3180386557 prime?
True
Is 978243473 a prime number?
True
Is 1249918391 prime?
True
Is 2868358369 prime?
True
Is 4235450407 a composite number?
False
Is 1110389717 prime?
True
Is 1617533237 a prime number?
True
Is 5556689909 prime?
True
Is 8895142969 a prime number?
True
Is 113080721135 prime?
False
Is 1263306701 composite?
True
Is 728445941 a prime number?
True
Is 7729271971 prime?
True
Is 36068489 prime?
False
Is 20510564407 a prime number?
False
Is 3208281673 composite?
False
Is 21441733763 a prime number?
True
Is 226081729613 prime?
True
Is 120183168034 prime?
False
Is 772754999 composite?
True
Is 687020029 composite?
True
Is 273223165 composite?
True
Is 191227126 a prime number?
False
Is 116999477723 prime?
False
Is 1793444879 composite?
True
Is 4965717683 composite?
False
Is 101732177 composite?
False
Is 14605891799 composite?
False
Is 4694173147 prime?
True
Is 16308700315 composite?
True
Is 114519031 composite?
True
Is 158698479143 a composite number?
False
Is 1464616427 composite?
True
Is 186712891 prime?
False
Is 137192429 composite?
True
Is 1405338251 prime?
True
Is 2562791591 composite?
False
Is 85986863 prime?
False
Is 187520351 a prime number?
False
Is 99890328541 a prime number?
False
Is 7526034547 prime?
False
Is 10025195261 composite?
False
Is 4987919917 a composite number?
True
Is 26377451 composite?
False
Is 2592058739 prime?
False
Is 2372397499 a composite number?
True
Is 62455633 a prime number?
True
Is 2715626479 prime?
False
Is 351275053 a composite number?
True
Is 17024022481 prime?
False
Is 11479423198 composite?
True
Is 406453339 a prime number?
False
Is 144189757 a prime number?
False
Is 1993477111 prime?
False
Is 6733801 prime?
False
Is 280019918 a composite number?
True
Is 2663405645 a prime number?
False
Is 11422317449 prime?
False
Is 445256081 a prime number?
True
Is 10076811067 a composite number?
True
Is 12362184799 a composite number?
True
Is 2907985001 a prime number?
True
Is 98733433 a prime number?
False
Is 934436449 a prime number?
False
Is 3030291401 a prime number?
False
Is 1238691697 composite?
False
Is 521689489 composite?
True
Is 174695749 prime?
False
Is 23083771001 a prime number?
False
Is 462888367 a composite number?
False
Is 4618206559 a composite number?
False
Is 200590797415 a prime number?
False
Is 7518819571 a prime number?
True
Is 28251472913 prime?
False
Is 8727168211 composite?
False
Is 9114307103 prime?
False
Is 1126388227 prime?
False
Is 5205834551 a composite number?
False
Is 694211281 composite?
True
Is 116097575213 prime?
False
Is 111846124645 composite?
True
Is 1748825489 prime?
True
Is 394634497 a prime number?
False
Is 5258932753 a prime number?
True
Is 140918809807 a composite number?
False
Is 393869779 a prime number?
False
Is 88438648863 composite?
True
Is 772819213 composite?
False
Is 816296731 a composite number?
True
Is 1926032897 a composite number?
True
Is 3890391623 a prime number?
False
Is 143232319 a prime number?
True
Is 33198929 a composite number?
True
Is 1338024431 a prime number?
True
Is 116861501373 a composite number?
True
Is 257172723377 a prime number?
False
Is 32996385197 a prime number?
False
Is 59203518254 prime?
False
Is 1651261539 a composite number?
True
Is 1533018451 a prime number?
True
Is 3450594691 a prime number?
False
Is 344271103445 a composite number?
True
Is 13489706167 composite?
True
Is 3396165967 prime?
True
Is 136765001 composite?
False
Is 15111283933 prime?
True
Is 71743926311 a prime number?
False
Is 260284607 a prime number?
False
Is 293177387 a composite number?
False
Is 7376863517 prime?
True
Is 1091030137 composite?
True
Is 168932249 a composite number?
True
Is 1322571101 a prime number?
True
Is 56543574253 a composite number?
False
Is 420505003 a prime number?
True
Is 42198882311 prime?
False
Is 33325657529 prime?
True
Is 367360969 composite?
False
Is 9287856671 a composite number?
False
Is 114789713 a prime number?
True
Is 1358537 prime?
True
Is 2820313 prime?
True
Is 29186672761 composite?
False
Is 143894357 a composite number?
False
Is 177968038739 prime?
False
Is 3922855399 composite?
False
Is 42294570581 prime?
True
Is 10867222513 a composite number?
True
Is 5985866773 composite?
False
Is 391809941 a prime number?
True
Is 118258176331 composite?
True
Is 65763048893 a composite number?
False
Is 25409789571 a composite number?
True
Is 66005376067 a composite number?
True
Is 1450197109 a composite number?
False
Is 1347859163 composite?
True
Is 93809063 a composite number?
False
Is 202870243 a composite number?
False
Is 4654287821 a composite number?
True
Is 166032277 prime?
True
Is 24149633443 a composite number?
True
Is 76799430857 a prime number?
True
Is 2104952051 a prime number?
True
Is 1138447991 a prime number?
True
Is 1033191233 composite?
False
Is 17440677497 a composite number?
True
Is 13114005434 composite?
True
Is 19192105021 a prime number?
False
Is 531105383 a prime number?
True
Is 8169051257 a composite number?
True
Is 124496699 a prime number?
True
Is 11837737 prime?
True
Is 1392102937 composite?
True
Is 7432392997 prime?
False
Is 12014147863 a prime number?
False
Is 15260975231 a prime number?
True
Is 1224978401 a prime number?
False
Is 4182104699 a prime number?
True
Is 394548313 prime?
False
Is 10402591382 a composite number?
True
Is 12922963 a composite number?
False
Is 2992949969 prime?
False
Is 7650543127 a prime number?
True
Is 2121263239 composite?
False
Is 1130123471 composite?
True
Is 22926565321 a composite number?
True
Is 13139116181 composite?
False
Is 556859482 a prime number?
False
Is 8973145063 a composite number?
False
Is 1121822939 composite?
False
Is 537359707 composite?
True
Is 244636741 a composite number?
False
Is 203303327 composite?
False
Is 3842481367 a prime number?
True
Is 514034309 composite?
True
Is 10327308917 a composite number?
False
Is 5997386533 a composite number?
True
Is 10362201277 composite?
True
Is 668872357 prime?
True
Is 2338405843 a prime number?
True
Is 93094117 prime?
True
Is 1406467823 composite?
False
Is 2273207981 prime?
False
Is 1226632961 a prime number?
True
Is 145541741 a prime number?
True
Is 728413957 a prime number?
True
Is 10172906619 a composite number?
True
Is 5553065009 a composite number?
False
Is 18112683511 composite?
True
Is 1573810409 a composite number?
False
Is 145861261501 composite?
False
Is 5379251723 a prime number?
True
Is 7280526497 prime?
False
Is 3527355759 composite?
True